0902 and 3190.
58
What is the greatest common factor of 46 and 91520818?
46
What is the highest common factor of 84 and 545943972?
84
What is the highest common factor of 93465 and 24800?
155
What is the greatest common factor of 16161838 and 770?
154
What is the highest common divisor of 5796 and 2223774?
126
Calculate the highest common divisor of 1542 and 31974.
6
What is the highest common factor of 7628749 and 939?
313
Calculate the highest common factor of 20164342 and 2398.
22
What is the highest common divisor of 329 and 1703821?
7
What is the highest common divisor of 6676740 and 90405?
2205
Calculate the greatest common divisor of 1019295 and 1440.
45
Calculate the highest common factor of 60418 and 4172396.
3554
Calculate the greatest common divisor of 1911 and 1017471.
273
Calculate the highest common divisor of 788 and 19042217.
197
What is the greatest common divisor of 145839 and 103689?
843
Calculate the greatest common factor of 4026 and 11596222.
1342
Calculate the highest common divisor of 3920 and 58777460.
980
Calculate the highest common factor of 19801596 and 24.
12
Calculate the greatest common divisor of 582 and 1268721588.
582
Calculate the highest common divisor of 3 and 92006169.
3
What is the greatest common divisor of 413048680 and 8?
8
Calculate the greatest common factor of 31289918 and 78067.
1661
Calculate the highest common divisor of 616838248 and 124.
124
What is the greatest common factor of 259577460 and 12?
12
What is the greatest common divisor of 482269 and 17179?
419
What is the highest common factor of 53720732 and 4784?
1196
Calculate the highest common factor of 392 and 45021158.
14
Calculate the highest common factor of 7280185 and 220.
55
What is the greatest common factor of 866077 and 27119?
577
Calculate the greatest common divisor of 4025 and 1805431.
23
Calculate the highest common divisor of 188059354 and 588.
98
Calculate the greatest common divisor of 2093 and 17524988.
299
What is the highest common divisor of 208164 and 9728?
76
What is the highest common factor of 1532 and 39871066?
766
Calculate the greatest common divisor of 634 and 816331426.
634
What is the highest common factor of 2000 and 288760?
40
Calculate the highest common divisor of 5166 and 17031.
21
Calculate the greatest common factor of 10 and 159753910.
10
Calculate the highest common factor of 15839480 and 2120.
40
What is the highest common divisor of 62730 and 13158306?
306
What is the highest common factor of 13536 and 207693?
423
What is the greatest common factor of 283514 and 439999?
1841
Calculate the greatest common divisor of 105774 and 404064.
366
Calculate the highest common factor of 3780 and 401688.
252
What is the highest common divisor of 17825 and 210703?
23
What is the highest common divisor of 2260 and 838502940?
2260
Calculate the greatest common factor of 639 and 74568105.
639
Calculate the highest common divisor of 46 and 18987374.
46
What is the highest common divisor of 1202117 and 2191?
7
Calculate the greatest common factor of 1246 and 700697.
89
Calculate the highest common factor of 5341527 and 261.
9
Calculate the greatest common divisor of 25 and 77559075.
25
What is the highest common divisor of 5311168 and 124?
124
Calculate the highest common factor of 889650 and 1323.
27
Calculate the highest common factor of 112 and 4268752.
16
Calculate the greatest common factor of 83655 and 293865.
2145
Calculate the greatest common factor of 17998428 and 90132.
3108
Calculate the highest common divisor of 115396 and 13256964.
6788
What is the highest common factor of 16403 and 106972?
47
What is the greatest common divisor of 216273233 and 28721?
4103
Calculate the highest common divisor of 5136 and 3972.
12
What is the greatest common factor of 3932670 and 34077?
921
Calculate the highest common factor of 19854 and 1616228106.
6618
Calculate the highest common factor of 3822 and 15019186.
1274
What is the highest common divisor of 3834 and 30765933?
1917
What is the greatest common divisor of 85747680 and 6480?
2160
What is the greatest common divisor of 101868531 and 241?
241
What is the highest common factor of 21 and 11038011?
3
Calculate the greatest common divisor of 208 and 1291952.
16
What is the greatest common factor of 37674 and 31430763?
819
What is the greatest common factor of 2781 and 4440948?
309
Calculate the greatest common factor of 1057110 and 492984.
1002
Calculate the highest common factor of 7219539 and 1035.
207
Calculate the greatest common factor of 174 and 38857506.
174
What is the highest common factor of 53 and 167446133?
53
What is the greatest common factor of 57 and 874949772?
57
Calculate the highest common divisor of 4131 and 335223.
153
What is the highest common factor of 171166226 and 1722?
574
What is the greatest common factor of 7998432 and 195?
39
Calculate the highest common factor of 1185487 and 13128326.
4189
What is the greatest common factor of 5473734 and 21147?
1113
What is the greatest common factor of 1104 and 88165992?
552
Calculate the greatest common factor of 1764087 and 507.
39
Calculate the greatest common factor of 11517 and 45021.
1047
What is the greatest common divisor of 37413 and 7154197?
4157
Calculate the greatest common divisor of 42 and 1417041360.
42
What is the greatest common divisor of 18992904 and 192?
24
What is the highest common divisor of 725 and 732450?
25
What is the highest common factor of 6752 and 46040?
8
What is the greatest common divisor of 13041712 and 9542?
734
What is the greatest common factor of 12222 and 3001374?
1746
What is the highest common divisor of 174204 and 3324?
12
What is the highest common factor of 790 and 165908690?
790
Calculate the greatest common divisor of 102823 and 5810889.
2779
What is the greatest common divisor of 26718854 and 7882?
1126
What is the highest common divisor of 131736 and 9768?
264
What is the greatest common divisor of 63900107 and 908735?
10691
What is the highest common factor of 9344738 and 25038?
2782
Calculate the highest common divisor of 10713 and 108804799.
3571
What is the greatest common factor of 1009093 and 1703?
131
Calculate the greatest common factor of 2820 and 482340.
60
Calculate the highest common factor of 417634433 and 235.
47
Calculate the highest common factor of 13 and 72371663.
13
Calculate the greatest common factor of 129093 and 5248619.
1163
Calculate the greatest common factor of 102 and 11523399.
51
What is the greatest common factor of 2023040 and 2030?
290
Calculate the greatest common divisor of 420886 and 431902.
34
What is the greatest common factor of 710475 and 12225?
75
Calculate the greatest common factor of 9813850 and 130.
10
Calculate the highest common divisor of 130 and 5614362.
26
What is the highest common divisor of 860878174 and 26?
26
What is the highest common divisor of 22606149 and 999?
111
What is the highest common factor of 44644 and 1988?
4
Calculate the highest common divisor of 10749320 and 5160.
40
What is the greatest common factor of 1829 and 2669813?
31
What is the greatest common divisor of 102460879 and 1949?
1949
What is the highest common factor of 218 and 6991587?
109
What is the highest common factor of 4672 and 19133884?
292
Calculate the greatest common factor of 384 and 382113696.
96
What is the greatest common divisor of 86400 and 53292?
12
Calculate the greatest common factor of 3024032 and 7384.
568
Calculate the highest common factor of 1235659243 and 7.
7
Calculate the highest common factor of 45 and 33236505.
45
Calculate the highest common factor of 3255 and 33486789.
651
What is the greatest common divisor of 19404 and 744?
12
What is the highest common divisor of 27987 and 2308191?
1473
Calculate the greatest common divisor of 2808 and 72086274.
702
What is the highest common factor of 16781934 and 858?
78
Calculate the highest common divisor of 113103 and 68444.
71
Calculate the greatest common divisor of 4014 and 1138968.
18
Calculate the highest common divisor of 430678 and 131546.
1802
Calculate the highest common factor of 4903692 and 4803412.
10028
Calculate the greatest common factor of 32 and 1456106272.
32
What is the highest common factor of 3136 and 1172668?
196
Calculate the g